 + 5*h + 266. Let j = x + -156. What is the tens digit of j?
9
Let o = -4 - -4. Suppose -7*r + 1554 = -o*r. What is the tens digit of r?
2
Suppose 856*b - 849*b - 54636 = 159312. What is the ten thousands digit of b?
3
Let b = 1272 + -913. What is the tens digit of b?
5
Suppose -3*t + 207 = -3*c, -83 = -2*t + 4*c + 53. Let r = -57 + t. Suppose -11 = 12*l - r*l. What is the units digit of l?
1
Suppose 14*w = -11*w + 28813 + 172012. What is the units digit of w?
3
Suppose -18006 = -3*c + b - 4*b, -18000 = -3*c - 4*b. What is the hundreds digit of c?
0
Suppose 3*i = 2*a - 42366, 0 = -2*a - 0*a - 2*i + 42326. What is the units digit of a?
1
Suppose u + 6 = 0, -3*u + 946 + 3297 = o. What is the hundreds digit of o?
2
Suppose -h + 8 = 3*u, -h + u = -0*u. Suppose -5*y = -y - 3*a - 12, 0 = h*y - 4*a - 6. Suppose y*o = 5*o - 266. What is the tens digit of o?
3
Let a = 3383 + -2352. What is the hundreds digit of a?
0
Let j(c) = -c**3 + 3*c + 2. Let v be j(-2). Suppose 0 = 2*b - 10. Suppose -b*n + v*n + 28 = 0. What is the units digit of n?
8
Let d(c) = 637*c**2 - 91*c + 379. What is the ten thousands digit of d(4)?
1
Let s = -35 + -5. Let b be 2 - (s/30 + (-1)/(-3)). Suppose -32 = b*a - 521. What is the tens digit of a?
6
Let w(g) = -48*g**3 + 4*g**2 + 10*g + 3. Suppose -3*r - 5*d + 0*d = -19, 18 = -4*r + 2*d. What is the units digit of w(r)?
3
Suppose 3*t - 748 - 1199 = 0. Suppose t*a + 560 = 651*a. What is the tens digit of a?
8
Let g be (-351)/156*((-941 - -2) + -1). Suppose 0 = 8*a - 7963 + g. What is the units digit of a?
1
Let m = -1937 - -5251. What is the thousands digit of m?
3
Let w be ((-70)/84 + (-2)/(-4))*-3735. Suppose -7*r = -w - 3928. What is the tens digit of r?
3
Suppose -2*d = -0*d. Let z be 56/(-7) - (d - 2) - -3. Let a(k) = 16*k**2 - 5. What is the units digit of a(z)?
9
Let v(z) = 14*z**2 - 4*z - 4. Let n be v(8). Let j = -550 + n. Suppose 5*m - x = 4*x + 700, 2*m + 4*x = j. What is the tens digit of m?
4
Let n(t) = -6*t**3 - 23*t**2 + 3*t + 11. Let a be n(-6). Let d = a - -144. Suppose i - 5*i + 484 = 4*c, -5*c - i = -d. What is the tens digit of c?
2
Let z = 21530 + -10342. What is the thousands digit of z?
1
Let z = -1706 - -27909. What is the thousands digit of z?
6
Let p = 15 + -27. Let v be 1/(32/p + (-9)/(-3)). Suppose -2*a + 304 = v*f, 4*f = 7*f + 4*a - 296. What is the tens digit of f?
0
Let x = 627 + -992. Let s = x + 511. What is the tens digit of s?
4
Let c(z) be the third derivative of -1/3*z**3 + 1/6*z**5 - 7/24*z**4 + 0*z + 0 + 20*z**2. What is the tens digit of c(-3)?
0
Let m(g) = 6*g - 31. Let r(z) = z**2 - z. Let h be r(-2). Let o be m(h). Suppose d + 13 = 4*f + 97, o*f - 129 = -2*d. What is the tens digit of d?
7
Suppose -28*r + 256965 + 91934 = 63999. What is the thousands digit of r?
0
Let i be ((480/(-35))/((-2)/14))/1. Suppose 2*h + i = 8*h. What is the hundreds digit of 10/3*648/h?
1
Suppose 2255597 + 3366403 + 3015984 = 337*b. What is the ten thousands digit of b?
2
Let c(n) = 7*n + 3. Let k be c(4). Suppose -d - 46 + 11 = 3*r, 3*r = d - k. Let u(s) = -13*s - 15. What is the units digit of u(r)?
8
Suppose -5*h + 20507 = u, -4*u + 27621 + 54631 = -8*h. What is the thousands digit of u?
0
Let g be 2 - 6/((-24)/(-20)) - -143. Suppose g*j = 139*j + 395. What is the hundreds digit of j?
3
Let z(h) = 4085*h**2 - 2*h - 4. What is the thousands digit of z(-1)?
4
Suppose -2036*c = -2039*c + 11910. What is the units digit of c?
0
Suppose 33*y - 135530 - 92071 = 0. What is the tens digit of y?
9
Let n = -14 - 501. Let g = n + 323. Let q = g + 276. What is the tens digit of q?
8
Suppose -a + 51 = 2*p + 3*p, -5*a + 2 = 2*p. Let w be -1*(4 - p) + (-3 - -1). Suppose w*z + 244 = 7*z. What is the hundreds digit of z?
1
Suppose -4*w + 3 = 2*r - 5, -2*w + 4 = 4*r. Suppose -w*p = 11 + 13. What is the tens digit of -4 + 4 - p - 2?
1
Let c = 4311 - -340. What is the tens digit of c?
5
Let g = -119 - -80. Let f = 44 + g. What is the units digit of 10 + (12/3 - f)?
9
What is the hundreds digit of 414344/40 - (-4)/10?
3
Suppose -2*a = -7*u + 5*u - 1182, -5*u + 1789 = 3*a. Let x = a - 333. What is the units digit of x?
0
Suppose -9*b = 3*b. Suppose -3*l + b*l - 5*f = -24, 15 = 5*f. Suppose j = k + l*k + 159, -3*k = -5*j + 795. What is the tens digit of j?
5
Let v(m) = 2*m**2 + 11*m - 3. Suppose -7*k - 25 = -2*k. Let q = -5 + k. What is the units digit of v(q)?
7
Let d be (-10)/(-6)*(-12)/16*-524. What is the units digit of -2 + (-2)/((-2)/d)?
3
Let i(k) = 2*k**2 - 10*k - 9. Let s be i(6). Suppose -s*m = -5*m + 384. What is the units digit of m?
2
Let h(u) = 2*u**2 - 13*u - 2. Let o = 0 + 7. Let k be h(o). Suppose -k*n + 105 = -4*b - 72, 150 = 4*n + b. What is the units digit of n?
7
What is the units digit of (-489*3/12)/((-315)/131880)?
2
Let g be (-1 - (-136)/4)/(3/5). Let h = -56 + g. What is the tens digit of (1 + 2)/(h*2/(-30))?
4
Let j = -585 - -390. Let o = 220 - j. What is the hundreds digit of o?
4
Suppose 0 = -13*z + 2467 + 5944. Let f = -387 + z. What is the units digit of f?
0
Let y(t) = -t + 7. Let s be y(5). Suppose 35 = 4*d - 4*h - 9, d = -s*h + 11. Let i = 7 + d. What is the units digit of i?
8
Let k be -2 + (10 - -3) - 3. Let r(h) = -40*h - 50. Let v be r(-13). Suppose k*j - 442 - v = 0. What is the hundreds digit of j?
1
Let f(d) = d**3 + 11*d**2 - 50*d + 5. Let t be f(-22). Let b = -2178 - t. What is the thousands digit of b?
2
Suppose x + 2 = 0, -2*d + x + 42 = 4*x. Suppose 22*t = d*t - 186. Let v = -41 + t. What is the units digit of v?
2
Let v(q) be the first derivative of -q**4/12 - 19*q**3/6 - 2*q**2 + 23*q - 32. Let j(r) be the first derivative of v(r). What is the tens digit of j(-5)?
6
What is the thousands digit of ((-9476)/(-6) - 4) + (-28)/21?
1
Let g(s) = 5*s**3 - 2*s**2 - 4*s + 5. Let w be g(1). What is the units digit of 133 - (4 - 2/(8/w))?
0
What is the hundreds digit of 4491198/504 + 2/(-8) + (-1)/(-7)?
9
Suppose -21728 - 95577 = -5*p + 5*g, -3 = -g. What is the tens digit of p?
6
Suppose 0 = -5*r + o + 1053, 0 = 3*r + o + 3*o - 618. Let v be (-10*(-2)/12)/(80/96). Suppose r = v*c - 36. What is the units digit of c?
3
Suppose 1258*n - 64632 = 1246*n. What is the hundreds digit of n?
3
Suppose -162*p = -166*p + 20. Suppose 431 - 3221 = -p*u. What is the tens digit of u?
5
Let v be -16*(-5 + (-63)/(-14)). Suppose -3*l = f - 457, -2*f - v*l + 4*l + 924 = 0. What is the hundreds digit of f?
4
Suppose -4*j + 15 = z, -z - j + 4 = -8. Let d(a) be the third derivative of a**4/3 - 19*a**3/6 - 2*a**2. What is the units digit of d(z)?
9
What is the tens digit of 18*(141373/218 + 0 + 0)?
7
Suppose -4*v = -4*f + 2664, 9*f - 7*f - 1328 = 4*v. What is the units digit of f + -6 - (-8 - -11)?
9
Let s = 5972 + -3132. What is the thousands digit of s?
2
Suppose -8*v + 12*v = -q - 354, 5*v - 1311 = 4*q. Let t = 357 + q. What is the units digit of t?
3
Suppose 4*a - 740 = -4*v, -5*v + 916 = -0*a + 2*a. Let h = 610 - v. What is the units digit of h?
8
Suppose 219513 = 155*y - 1189282. What is the units digit of y?
9
Suppose 15*b - 143392 - 198149 = 32559. What is the units digit of b?
0
Let y = 44881 - 29358. What is the hundreds digit of y?
5
Let b(v) = 61*v**2 + 13*v - 77. Let w be b(6). Let a = w - 1044. What is the hundreds digit of a?
1
Let m = -70 - -76. Let x = 8 - m. Suppose i + 3*i - 360 = -x*f, 0 = 3*i - 3*f - 288. What is the units digit of i?
2
Let m = -13867 - -39106. What is the ten thousands digit of m?
2
What is the tens digit of (17 + 2)/(6951/(-45435) - (-38)/247)?
3
Let g(p) = 100*p + 6294. What is the tens digit of g(-58)?
9
Let m = 26715 - 11726. What is the ten thousands digit of m?
1
Let z(n) = 7*n + 57. Let l be z(-6). What is the units digit of -95*(39/l + -5) - 0?
8
Let a(m) = -m**3 + 2*m**2 - 2*m + 47. Let x be a(4). Suppose 5*k + 2*y = 1307, 2*k - 514 = x*y - 10*y. What is the hundreds digit of k?
2
Suppose 10*l - 5*w = 13*l, -l + 5*w = 0. Suppose 3*x + 2*x + 3*r - 632 = l, -4*x + 492 = -r. What is the hundreds digit of x?
1
Let y(n) = -n**2 - n + 12. Let b = 16 + -10. Let w(j) = 1. Let p(r) = b*w(r) - y(r). What is the units digit of p(-7)?
6
Let s be (9/(-18))/((0 + -1)/116). Let t = 29 + s. What is the tens digit of t?
8
Let p(v) be the third derivative of v**6/15 + v**4/24 - v**3/2 